Wilton, CA

38° 24.71' N | 121° 16.33' W | 79 feet | Show on map

Climate Summary for

09/17/2021 02:08:00 AM PDT

Station:Vantage Vue
Software:WeeWX v4.5.1
Weewx uptime:2 Days, 16 Hours, 5 Minutes
Server uptime:2 Days, 16 Hours, 5 Minutes
                   MONTHLY CLIMATOLOGICAL SUMMARY for Jan 2021


NAME: Wilton, CA                  
ELEV: 79 feet    LAT: 38-24.71 N    LONG: 121-16.33 W


                   TEMPERATURE (°F), RAIN (in), WIND SPEED (mph)

                                         HEAT   COOL         AVG
      MEAN                               DEG    DEG          WIND                   DOM
DAY   TEMP   HIGH   TIME    LOW   TIME   DAYS   DAYS   RAIN  SPEED   HIGH   TIME    DIR
---------------------------------------------------------------------------------------
 01
 02
 03
 04
 05
 06
 07
 08
 09
 10
 11
 12
 13
 14
 15
 16   56.6   68.8  16:19   46.4  23:56    8.4    0.0   0.00    0.3    5.0  15:07    289
 17   53.5   71.3  16:09   41.0  04:59   11.5    0.0   0.01    0.4    6.0  13:38    240
 18   58.4   73.5  14:10   42.4  06:04    6.6    0.0   0.00    5.7   27.0  14:40    328
 19   55.3   69.0  16:06   44.3  22:23    9.7    0.0   0.00    3.6   17.0  13:56    332
 20   48.0   68.5  15:49   32.5  06:58   17.0    0.0   0.00    0.6    7.0  00:16    298
 21   46.7   64.6  13:47   30.3  06:34   18.3    0.0   0.00    0.7    8.0  13:54    179
 22   45.9   51.2  10:51   42.5  19:10   19.1    0.0   0.51    2.1   13.0  13:36    123
 23   46.3   58.1  15:38   38.0  23:59   18.7    0.0   0.00    1.2   12.0  12:28    312
 24   44.1   51.9  13:54   36.4  06:44   20.9    0.0   0.44    3.1   17.0  11:49    168
 25   43.1   55.8  16:09   32.4  23:07   21.9    0.0   0.04    1.4   12.0  11:12    301
 26   40.4   49.6  14:47   28.4  03:17   24.6    0.0   0.16    8.5   45.0  22:50    130
 27   46.6   50.9  23:03   41.4  01:46   18.4    0.0   0.66   15.6   41.0  02:45    130
 28   48.0   50.9  01:47   44.4  23:36   17.0    0.0   1.19    7.1   33.0  00:09    131
 29   45.5   52.9  16:20   39.7  21:53   19.5    0.0   0.14    1.1   12.0  00:13    141
 30   48.9   60.4  14:12   39.7  02:23   16.1    0.0   0.00    0.9    9.0  14:32    141
 31   54.9   65.7  14:31   47.2  07:52   10.1    0.0   0.00    1.6   12.0  10:12    136
---------------------------------------------------------------------------------------
      48.6   73.5     18   28.4     26  257.6    0.0   3.15    3.5   45.0     26    129
    
Updated: 04/22/21 15:36:00