Wilton, CA

38° 24.71' N | 121° 16.33' W | 79 feet | Show on map

Climate Summary for

09/17/2021 02:42:00 AM PDT

Station:Vantage Vue
Software:WeeWX v4.5.1
Weewx uptime:2 Days, 16 Hours, 39 Minutes
Server uptime:2 Days, 16 Hours, 39 Minutes
                     CLIMATOLOGICAL SUMMARY FOR 2020


NAME: Wilton, CA                  
ELEV: 79 feet    LAT: 38-24.71 N    LONG: 121-16.33 W


                                       TEMPERATURE (°F)

                              HEAT    COOL                              MAX    MAX    MIN    MIN
          MEAN   MEAN         DEG     DEG                                >=     <=     <=     <=
 YR  MO   MAX    MIN    MEAN  DAYS    DAYS      HI  DAY     LOW  DAY     90     32     32      0
------------------------------------------------------------------------------------------------
2020 01   55.3   38.2   46.3  368.2    0.0    64.3   30    31.9   07      0      0      1      0
2020 02   68.1   41.6   54.5  305.0    0.0    78.9   26    35.0   03      0      0      0      0
2020 03   67.9   43.4   54.2  333.9    0.0    84.4   12    35.2   26      0      0      0      0
2020 04   72.4   46.5   57.7  151.6    2.1    87.5   15    39.1   03      0      0      0      0
2020 05   87.8   55.2   69.5   19.4  123.2   106.2   27    49.8   13      9      0      0      0
2020 06   96.3   58.1   74.9    0.0  295.7   106.8   03    52.9   07     23      0      0      0
2020 07   98.7   57.5   75.3    0.0  318.9   107.3   11    54.8   31     31      0      0      0
2020 08   99.1   62.0   78.0    0.0  404.2   111.1   15    53.8   01     30      0      0      0
2020 09   90.4   58.5   65.6    0.0    0.6    90.4   01    58.5   01      1      0      0      0
2020 10
2020 11
2020 12
------------------------------------------------------------------------------------------------
          82.2   51.0   64.9 1178.1 1144.7   111.1  Aug    31.9  Jan     94      0      1      0


                  PRECIPITATION (in)

                  MAX         ---DAYS OF RAIN---
                  OBS.               OVER
 YR  MO  TOTAL    DAY  DATE   0.01   0.10   1.00
------------------------------------------------
2020 01   1.11   0.74    16      8      2      0
2020 02   0.01   0.01    02      1      0      0
2020 03   1.04   0.39    15      7      3      0
2020 04   1.14   0.79    05      3      2      0
2020 05   0.27   0.24    18      3      1      0
2020 06   0.00   0.00    01      0      0      0
2020 07   0.00   0.00    01      0      0      0
2020 08   0.04   0.04    16      1      0      0
2020 09   0.00   0.00    01      0      0      0
2020 10
2020 11
2020 12
------------------------------------------------
          3.61   0.79   Apr     23      8      0


           WIND SPEED (mph)

                                DOM
 YR  MO    AVG     HI   DATE    DIR
-----------------------------------
2020 01    0.2   14.0     13    101 
2020 02    0.5   16.0     09    270 
2020 03    0.3   15.0     02     80 
2020 04    0.4   18.0     04     93 
2020 05    0.3   14.0     10     89 
2020 06    0.2   16.0     05     90 
2020 07    0.1   14.0     02     93 
2020 08    0.1   14.0     05     89 
2020 09    0.0    0.0     01    N/A 
2020 10
2020 11
2020 12
-----------------------------------
           0.3   18.0    Apr     93

Updated: 04/22/21 15:36:00