Wilton, CA

38° 24.71' N | 121° 16.33' W | 79 feet | Show on map

Climate Summary for

09/17/2021 02:10:00 AM PDT

Station:Vantage Vue
Software:WeeWX v4.5.1
Weewx uptime:2 Days, 16 Hours, 7 Minutes
Server uptime:2 Days, 16 Hours, 7 Minutes
                   MONTHLY CLIMATOLOGICAL SUMMARY for May 2020


NAME: Wilton, CA                  
ELEV: 79 feet    LAT: 38-24.71 N    LONG: 121-16.33 W


                   TEMPERATURE (°F), RAIN (in), WIND SPEED (mph)

                                         HEAT   COOL         AVG
      MEAN                               DEG    DEG          WIND                   DOM
DAY   TEMP   HIGH   TIME    LOW   TIME   DAYS   DAYS   RAIN  SPEED   HIGH   TIME    DIR
---------------------------------------------------------------------------------------
 01
 02
 03
 04
 05
 06
 07
 08
 09   71.4   91.3  16:32   56.7  23:56    0.0    6.4   0.00    0.7   10.0  16:47     88
 10   66.4   86.1  15:59   53.1  05:18    0.0    1.4   0.00    0.5   14.0  13:11     87
 11   62.1   80.8  12:38   52.1  06:01    2.9    0.0   0.00    0.4   11.0  09:47     91
 12   62.5   75.5  13:58   54.2  03:48    2.5    0.0   0.01    0.4    9.0  11:06    220
 13   59.2   71.5  15:44   49.8  06:05    5.8    0.0   0.01    0.1    6.0  11:06     93
 14   62.5   77.5  13:40   52.5  03:34    2.5    0.0   0.00    0.2    7.0  11:50     88
 15   66.3   85.5  16:19   51.3  04:19    0.0    1.3   0.00    0.2    8.0  18:04    105
 16   69.3   87.7  13:24   56.1  05:15    0.0    4.3   0.00    0.4   10.0  14:24     89
 17   67.1   83.6  14:04   59.2  23:48    0.0    2.1   0.01    0.7   11.0  11:51    251
 18   62.3   76.2  15:21   51.6  23:59    2.7    0.0   0.24    0.3    6.0  02:32    123
 19   62.3   78.5  16:18   50.2  04:13    2.7    0.0   0.00    0.2   10.0  14:23     82
 20   64.7   82.2  15:37   50.0  06:21    0.3    0.0   0.00    0.2    7.0  14:21     91
 21   69.7   90.6  14:50   51.3  06:11    0.0    4.7   0.00    0.2    9.0  14:52     82
 22   67.3   83.5  15:14   50.7  06:05    0.0    2.3   0.00    0.5    7.0  08:48    261
 23   73.0   91.7  15:35   56.9  00:53    0.0    8.0   0.00    0.5    7.0  08:08    262
 24   74.9   97.5  15:13   52.5  06:19    0.0    9.9   0.00    0.3    6.0  10:34    280
 25   80.6  104.6  15:44   58.9  06:07    0.0   15.6   0.00    0.2    8.0  17:09     85
 26   83.9  106.1  15:24   64.3  06:00    0.0   18.9   0.00    0.3    7.0  16:46     87
 27   84.6  106.2  16:03   64.6  06:08    0.0   19.6   0.00    0.3    9.0  16:10     83
 28   79.7  105.5  15:08   58.5  06:03    0.0   14.7   0.00    0.2    8.0  15:40     83
 29   71.0   90.2  15:56   57.7  05:42    0.0    6.0   0.00    0.5   10.0  12:33     77
 30   68.5   83.8  15:54   60.2  23:59    0.0    3.5   0.00    0.4    9.0  08:57     94
 31   69.3   84.3  12:24   56.3  05:38    0.0    4.3   0.00    0.4   12.0  13:57     85
---------------------------------------------------------------------------------------
      69.5  106.2     27   49.8     13   19.4  123.2   0.27    0.3   14.0     10     89
    
Updated: 04/22/21 15:36:00