Wilton, CA

38° 24.71' N | 121° 16.33' W | 79 feet | Show on map

Climate Summary for

09/17/2021 04:24:00 AM PDT

Station:Vantage Vue
Software:WeeWX v4.5.1
Weewx uptime:2 Days, 18 Hours, 21 Minutes
Server uptime:2 Days, 18 Hours, 21 Minutes
                   MONTHLY CLIMATOLOGICAL SUMMARY for Mar 2020


NAME: Wilton, CA                  
ELEV: 79 feet    LAT: 38-24.71 N    LONG: 121-16.33 W


                   TEMPERATURE (°F), RAIN (in), WIND SPEED (mph)

                                         HEAT   COOL         AVG
      MEAN                               DEG    DEG          WIND                   DOM
DAY   TEMP   HIGH   TIME    LOW   TIME   DAYS   DAYS   RAIN  SPEED   HIGH   TIME    DIR
---------------------------------------------------------------------------------------
 01   53.3   60.4  14:55   46.3  01:47   11.7    0.0   0.00    0.9   13.0  12:26    284
 02   59.7   72.1  14:28   47.2  05:02    5.3    0.0   0.00    1.8   15.0  10:39    285
 03   63.3   80.6  15:01   47.6  07:02    1.7    0.0   0.00    0.4    7.0  10:11     20
 04   61.3   82.0  13:52   43.2  06:41    3.7    0.0   0.00    0.1    5.0  12:10     90
 05   59.1   75.6  14:04   45.7  06:47    5.9    0.0   0.00    0.3    9.0  14:53     97
 06   54.9   66.4  13:03   45.2  05:02   10.1    0.0   0.00    0.1    6.0  12:50     79
 07   51.1   61.9  14:44   41.5  23:37   13.9    0.0   0.00    0.5   10.0  15:03     99
 08   49.8   61.9  13:41   41.5  03:45   15.2    0.0   0.00    0.1    6.0  13:58    101
 09   56.5   71.8  14:46   46.2  04:02    8.5    0.0   0.00    0.1    6.0  15:30     57
 10   60.5   78.9  15:50   46.2  02:13    4.5    0.0   0.00    0.5    8.0  14:16    325
 11   61.7   79.2  15:51   46.6  07:51    3.3    0.0   0.00    0.3    8.0  01:55    102
 12   63.5   84.4  15:01   48.6  03:51    1.5    0.0   0.00    0.4    8.0  10:21    309
 13   59.0   72.9  12:19   43.9  07:28    6.0    0.0   0.00    0.5    9.0  19:39     70
 14   49.7   54.9  13:04   46.5  23:33   15.3    0.0   0.31    0.3   11.0  16:33     95
 15   49.3   57.4  14:42   45.2  23:56   15.7    0.0   0.39    0.3   11.0  12:01     92
 16   44.3   47.9  17:22   40.1  04:43   20.7    0.0   0.23    0.1    6.0  02:48     89
 17   47.6   58.0  14:57   40.4  01:22   17.4    0.0   0.00    0.6    8.0  13:07    100
 18   48.9   56.7  15:12   45.0  05:49   16.1    0.0   0.07    0.1    6.0  10:20    104
 19   50.7   67.3  15:13   36.0  07:11   14.3    0.0   0.00    0.1    4.0  14:37     86
 20   52.0   68.9  13:35   38.1  07:38   13.0    0.0   0.00    0.2    7.0  13:55     89
 21   53.7   70.1  13:05   40.6  06:10   11.3    0.0   0.00    0.3    9.0  15:01     96
 22   56.8   74.7  14:46   41.5  07:10    8.2    0.0   0.00    0.3   10.0  16:10     84
 23   53.5   66.4  14:02   44.4  23:57   11.5    0.0   0.00    0.6   12.0  13:40    268
 24   50.6   63.0  11:09   41.6  00:00   14.4    0.0   0.01    0.3   11.0  14:40    101
 25   47.8   63.3  12:15   36.3  07:15   17.2    0.0   0.00    0.2    7.0  14:22     98
 26   49.1   64.8  14:53   35.2  07:36   15.9    0.0   0.00    0.2    6.0  15:04    286
 27   50.4   68.1  13:35   35.5  05:45   14.6    0.0   0.00    0.3   14.0  13:35     91
 28   51.8   61.2  15:52   44.4  02:44   13.2    0.0   0.02    0.2    6.0  12:32     98
 29   54.3   66.0  15:29   47.8  23:15   10.7    0.0   0.01    0.3    6.0  08:50    100
 30   56.8   71.4  15:04   46.7  01:43    8.2    0.0   0.00    0.3   12.0  13:43     97
 31   60.0   76.8  15:09   49.6  23:57    5.0    0.0   0.00    0.3   10.0  13:31    122
---------------------------------------------------------------------------------------
      54.2   84.4     12   35.2     26  333.9    0.0   1.04    0.3   15.0     02     80
    
Updated: 04/22/21 15:36:00