Wilton, CA

38° 24.71' N | 121° 16.33' W | 79 feet | Show on map

Climate Summary for

09/17/2021 04:10:00 AM PDT

Station:Vantage Vue
Software:WeeWX v4.5.1
Weewx uptime:2 Days, 18 Hours, 7 Minutes
Server uptime:2 Days, 18 Hours, 7 Minutes
                   MONTHLY CLIMATOLOGICAL SUMMARY for Jan 2020


NAME: Wilton, CA                  
ELEV: 79 feet    LAT: 38-24.71 N    LONG: 121-16.33 W


                   TEMPERATURE (°F), RAIN (in), WIND SPEED (mph)

                                         HEAT   COOL         AVG
      MEAN                               DEG    DEG          WIND                   DOM
DAY   TEMP   HIGH   TIME    LOW   TIME   DAYS   DAYS   RAIN  SPEED   HIGH   TIME    DIR
---------------------------------------------------------------------------------------
 01   47.0   54.7  14:57   41.6  01:50   18.0    0.0   0.00    0.0    4.0  08:06    104
 02   49.2   62.8  14:23   39.7  07:34   15.8    0.0   0.00    0.0    4.0  14:20    258
 03   46.6   57.0  14:16   37.3  07:28   18.4    0.0   0.00    0.1    4.0  13:32    106
 04   49.6   60.2  10:51   42.0  23:23   15.4    0.0   0.01    0.2    6.0  01:58    102
 05   47.8   59.1  11:27   36.1  07:10   17.2    0.0   0.01    0.0    5.0  15:38     70
 06   45.5   55.0  11:02   36.8  07:48   19.5    0.0   0.00    0.1    6.0  10:13     92
 07   40.6   47.4  15:29   31.9  07:16   24.4    0.0   0.00    0.4   10.0  16:33    101
 08   44.5   48.3  13:40   40.5  02:12   20.5    0.0   0.01    0.1    4.0  14:04    104
 09   46.0   50.7  14:53   38.5  22:07   19.0    0.0   0.23    0.3   11.0  08:41     99
 10   44.6   54.6  11:23   32.9  06:23   20.4    0.0   0.00    0.6    9.0  20:56    101
 11   50.1   59.8  11:03   40.1  23:57   14.9    0.0   0.00    0.2   11.0  03:50     99
 12   44.3   54.6  14:16   34.9  07:36   20.7    0.0   0.00    0.2    7.0  14:19    101
 13   48.9   57.7  11:09   37.3  06:21   16.1    0.0   0.04    0.4   14.0  23:36    100
 14   47.4   56.0  13:08   37.3  23:59   17.6    0.0   0.05    0.2   10.0  00:02     99
 15   41.6   51.3  13:58   34.0  05:23   23.4    0.0   0.01    0.1    6.0  14:19    104
 16   43.9   48.3  03:45   38.9  00:26   21.1    0.0   0.74    1.0   14.0  07:02    100
 17   41.4   46.7  14:32   37.5  06:44   23.6    0.0   0.01    0.3    8.0  01:27    105
 18   44.6   52.6  15:12   36.6  04:03   20.4    0.0   0.00    0.2    5.0  10:01    271
 19
 20
 21
 22
 23
 24
 25
 26
 27
 28
 29
 30   56.0   64.3  14:53   48.1  23:59    9.0    0.0   0.00    0.1    5.0  14:40    269
 31   52.2   63.9  13:03   42.3  07:23   12.8    0.0   0.00    0.1    5.0  11:12    106
---------------------------------------------------------------------------------------
      46.3   64.3     30   31.9     07  368.2    0.0   1.11    0.2   14.0     13    101
    
Updated: 04/22/21 15:36:00