Wilton, CA

38° 24.71' N | 121° 16.33' W | 79 feet | Show on map

Climate Summary for

09/17/2021 03:04:00 AM PDT

Station:Vantage Vue
Software:WeeWX v4.5.1
Weewx uptime:2 Days, 17 Hours, 1 Minute
Server uptime:2 Days, 17 Hours, 1 Minute
                   MONTHLY CLIMATOLOGICAL SUMMARY for May 2019


NAME: Wilton, CA                  
ELEV: 79 feet    LAT: 38-24.71 N    LONG: 121-16.33 W


                   TEMPERATURE (°F), RAIN (in), WIND SPEED (mph)

                                         HEAT   COOL         AVG
      MEAN                               DEG    DEG          WIND                   DOM
DAY   TEMP   HIGH   TIME    LOW   TIME   DAYS   DAYS   RAIN  SPEED   HIGH   TIME    DIR
---------------------------------------------------------------------------------------
 01
 02
 03
 04
 05
 06
 07
 08
 09
 10
 11
 12
 13   53.2   56.9  00:00   52.3  19:52   11.8    0.0   0.00    0.1    9.0  20:37    100
 14   64.4   80.6  06:17   56.5  21:50    0.6    0.0   0.00    0.4    9.0  06:56     96
 15   60.6   65.1  08:37   56.6  23:59    4.4    0.0   0.92    1.7   15.0  04:55     95
 16   56.1   67.4  13:53   50.2  04:00    8.9    0.0   0.27    0.5   13.0  11:37     98
 17   58.9   74.0  13:15   48.1  06:28    6.1    0.0   0.00    0.3    7.0  12:49     94
 18   52.9   59.5  11:39   48.7  02:25   12.1    0.0   0.84    0.6   12.0  16:46     96
 19   53.4   65.4  14:10   46.8  08:24   11.6    0.0   0.52    0.7   12.0  14:01     96
 20   57.3   75.3  14:55   43.3  06:22    7.7    0.0   0.00    0.4   11.0  16:20     88
 21   59.7   74.2  13:09   49.6  06:11    5.3    0.0   0.00    0.4   10.0  02:23     98
 22   64.0   79.7  16:29   48.6  04:52    1.0    0.0   0.00    0.3    6.0  11:29    232
 23   70.5   84.0  16:43   58.9  23:50    0.0    5.5   0.00    0.6   12.0  19:53    102
 24   65.7   81.1  14:21   53.9  06:00    0.0    0.7   0.00    0.5   11.0  15:39     91
 25   61.0   77.6  16:49   50.8  06:04    4.0    0.0   0.00    0.4   11.0  16:57     92
 26   56.6   67.2  17:39   49.5  23:31    8.4    0.0   0.13    0.2   12.0  00:15     91
 27   63.0   80.0  15:00   49.7  00:00    2.0    0.0   0.00    0.3   10.0  17:28     91
 28   68.4   88.1  15:33   50.9  05:56    0.0    3.4   0.00    0.2    9.0  17:18     91
 29   71.1   92.5  14:37   54.9  05:51    0.0    6.1   0.00    0.2    8.0  15:41     91
 30   68.0   85.1  14:02   54.1  05:52    0.0    3.0   0.00    0.4   13.0  20:20     88
 31   73.3   94.4  17:19   53.3  05:49    0.0    8.3   0.00    0.2    6.0  19:37     87
---------------------------------------------------------------------------------------
      62.4   94.4     31   43.3     20   83.9   27.2   2.68    0.4   15.0     15     95
    
Updated: 04/22/21 15:36:00